 of z?
3, 5
Let j = 4 - 1. Suppose -48 = -0*g + j*g. What are the prime factors of (g/20)/(4/(-50))?
2, 5
Suppose -k + 33 = -0*k. Suppose m - k = -2*m. What are the prime factors of m?
11
Suppose 8*s = 9*s - 52. What are the prime factors of s?
2, 13
Suppose 0 = 5*f + 4*z - 3*z - 11, 3*z = -2*f + 7. What are the prime factors of f?
2
Let m be 13/(-3) - (-4)/(-6). Let c = -7 - m. What are the prime factors of 11 - ((-2 - c) + 0)?
11
Let m be 2/8 + 5/(-20). Suppose -k - 51 = -3*k - 5*f, -4*f + 20 = m. What are the prime factors of k?
13
Suppose -5*g - 4*v + 3 = 0, 2*v = 2*g + 2*g + 8. Let s(p) = -5*p + 1. List the prime factors of s(g).
2, 3
Let q be -2 + 4 + 1 + 0. Suppose 2*s + 48 = -2*p + 6*p, s = q*p - 35. What are the prime factors of p?
11
Suppose -4 = o + 4. Suppose 0 = -4*t - 0*t - 24. Let u = t - o. What are the prime factors of u?
2
Let m(j) = 2*j**2 + 5*j - 6. Let d = 3 - 8. What are the prime factors of m(d)?
19
Suppose 2*s - 9 = 3*i, 9 = s - 2*i + 3. Suppose s = -3*y + 2*y + 5. Suppose -y*n + 2*v + 11 = 0, -5*v = -5*n + 3 + 2. What are the prime factors of n?
3
Suppose 0 = -4*w + 5*w - 5. Let p be ((-6)/w)/(4/(-10)). Suppose p*t - r - 25 = -3*r, r + 10 = t. List the prime factors of t.
3
Let s(x) be the first derivative of -x**4/4 - x**3 - x**2 - 4. Let d be (3/4)/(3/(-12)). What are the prime factors of s(d)?
2, 3
Let u(r) = -r**2 + 7*r - 7. Let v be u(5). Suppose -2*y + v*y = 3. Suppose y*m = -2*j - 0*m + 35, -5*j + 3*m + 77 = 0. List the prime factors of j.
2
Suppose 2*j = 6*j - 156. List the prime factors of j.
3, 13
Let c = 0 + 4. Suppose c*p = 3 + 9. What are the prime factors of p?
3
Suppose 0 = 4*b - 20, 3*q - 50 = -0*b + 2*b. Suppose 2*d - q = 28. What are the prime factors of d?
2, 3
Let v(f) = -f + 16. Let z be v(11). Suppose 6*u = z*u + 14. Let t = 0 + u. What are the prime factors of t?
2, 7
Suppose w = -w. Suppose -4*c + 11 - 3 = w. Let j(o) = o**3 + 2*o**2 - 4*o + 3. What are the prime factors of j(c)?
11
List the prime factors of 26 + -4*(-2 - 6/(-4)).
2, 7
Suppose -3*k - 2 = 7. Let j = 1 + k. List the prime factors of -3 + 2 - j*3.
5
Let z(m) be the first derivative of -m**6/360 + 7*m**5/120 + 5*m**4/12 + m**3 - 3. Let u(t) be the third derivative of z(t). List the prime factors of u(8).
2
Let g = -23 + 55. What are the prime factors of g?
2
Suppose -2*w + 10 + 20 = 2*j, 4*w + 2*j - 70 = 0. What are the prime factors of w?
2, 5
Let w be 24/(-8)*(-70)/6. Suppose g = 6*g - w. List the prime factors of g.
7
Let o be 1 + 0/((-1)/1). Let h = 8 - o. Let j(z) = z**2 - 6*z + 6. What are the prime factors of j(h)?
13
Let o be ((-14)/8)/(3/(-24)). Suppose -2*g + 25 = -3*j, g - 33 = -5*j - o. List the prime factors of g.
2, 7
Let w = -3 - -5. Suppose -q - w + 15 = 0. What are the prime factors of q?
13
Let j(i) = -i**2 + 14*i - 1. What are the prime factors of j(12)?
23
Let l = -4 + 4. Suppose l*m - 15 = -3*m. What are the prime factors of m?
5
Let s(k) = -2*k**2 + 196. What are the prime factors of s(0)?
2, 7
Let u = 5 - 1. Suppose -u*z + 26 + 6 = 0. What are the prime factors of z?
2
Suppose -3*z - w - 6 = 0, 5*w + 0 = 5*z + 10. What are the prime factors of (1/z)/(3/(-36))?
2, 3
Let v = -15 + 184. List the prime factors of v.
13
Let z be (54/(-1))/(6/(-4)). Let x be 1/(-2)*z/(-3). Let j = 12 - x. List the prime factors of j.
2, 3
Let m(q) = q**2 - 2*q - 4. Let u be m(-3). Suppose 0 = -5*x - u + 81. What are the prime factors of x?
2, 7
Let f(x) = -x**3 - 2*x**2 + 0*x**3 - x**3 - 2*x**3. Let h be f(-2). What are the prime factors of (-1)/((-27)/h - -1)?
2
Let x = 72 - -169. What are the prime factors of x?
241
Let b be 1 - 1 - (-2 - -1). What are the prime factors of (0 - b)*(4 + -10)?
2, 3
Suppose -78*x = -76*x - 304. What are the prime factors of x?
2, 19
Suppose 4*d + 496 - 61 = 5*j, j - 3*d = 76. List the prime factors of j.
7, 13
Let h(s) = -s**3 + 2*s**2 + 3*s + 3. Let u be -2 - -3 - (-4)/2. Let d be h(u). Let v = d + -1. List the prime factors of v.
2
Let l(s) = 12*s**2. Suppose 0*x - x + 3 = 0. Suppose 4*a + 4*g + 24 = 0, -x*a + 2*g = 2*a - 5. What are the prime factors of l(a)?
2, 3
Suppose 260 = -4*a + 3*d - 654, 0 = 4*d + 8. List the prime factors of a/(-25) - 1/5.
3
Let c(w) = -w**3 - 7*w**2 + 7*w - 2. Let j be c(-8). Suppose -2*m - 4 + j = 0. What are the prime factors of 7 + -3 - (m - 2)?
5
Let f be ((-63)/35)/(3/(-10)). Suppose -20 + 4 = 4*c. Let j = c + f. What are the prime factors of j?
2
Let r(c) = 4*c**2 + 4*c - 9. What are the prime factors of r(5)?
3, 37
Suppose 0 = -4*o + 660 - 20. What are the prime factors of o?
2, 5
Suppose 0 = -2*o + o - 4*m + 12, 0 = 4*o - 3*m - 10. Suppose 0 = o*y - 8 - 40. List the prime factors of y.
2, 3
Let a(u) = -u**2 - u - 1. Let r = -4 + 6. Let h be a(r). What are the prime factors of ((-18)/21 + 0)*h?
2, 3
Let w = -8 + 14. What are the prime factors of (0 - w)*(-24)/16?
3
Let a(t) = 7*t**3 + 13*t**2 + 10*t + 3. Let y(x) = 6*x**3 + 12*x**2 + 9*x + 4. Let m(h) = -5*a(h) + 6*y(h). What are the prime factors of m(-6)?
3, 7
Suppose 91 = n - 58. What are the prime factors of n?
149
Let q = 18 + -9. Let f(v) = -v + 17. List the prime factors of f(q).
2
Let t(x) = x**2 + 6*x - 4. Let i be t(-7). Let n = i + 0. What are the prime factors of n?
3
Let y = 34 - 21. Let z = y - -5. List the prime factors of z.
2, 3
Suppose 0 = 2*p - 3*p + 3*q + 12, -16 = -4*p - 4*q. Let v(g) = 16 + 2*g - 11 - 11. What are the prime factors of v(p)?
2, 3
Let o(c) = -c**3 + 2*c**2 + 4*c - 3. Let y be o(3). Suppose y = -4*u - 5 + 29. What are the prime factors of u?
2, 3
Let o = 260 - 84. What are the prime factors of o?
2, 11
Let r = -8 + 14. What are the prime factors of r?
2, 3
Suppose 17*x - 13*x = -40. Let s be -1*(-3*1)/1. List the prime factors of (7 + x)*(-17)/s.
17
Suppose -6 = -4*c + 2. Let b(o) = -2*o - 3*o - o**3 + 6*o**c + 6 - 4 + 6*o. What are the prime factors of b(6)?
2
Suppose -4*k - 3*g - 147 = -9*k, -k - g + 31 = 0. What are the prime factors of k?
2, 3, 5
Let l(c) = c + 14. Let r be l(-12). Suppose -2*d - r - 2 = 0. List the prime factors of (-76)/16*(d + -2).
19
Suppose -10 = -2*u - 4. Suppose -2*x = 4*z, 0 = 5*z - x + 2*x + u. Let o = z + 5. What are the prime factors of o?
2
Let i = -16 + -55. Let r be (i/4)/((-1)/4). What are the prime factors of r/4 + (-3)/(-12)?
2, 3
Let h = 14 - 2. Let d = h - 4. What are the prime factors of d?
2
Suppose -2*l - w = 2*w - 47, -4*l + 121 = -3*w. List the prime factors of l.
2, 7
Let j(y) = y**3 - 4*y**2 - 4*y + 5. Let w = -7 + 15. Let d be ((-2)/w)/(1/(-20)). What are the prime factors of j(d)?
2, 5
Suppose 4*o - 242 + 50 = 4*r, 2*o = 3*r + 97. What are the prime factors of o?
47
What are the prime factors of 1 - -51 - 8/2?
2, 3
Let h be (-6)/4*(-2 + 0). Suppose 4*t + 0*j = 4*j + 52, 3*t + h*j = 9. What are the prime factors of t?
2
Suppose -5*t + 3*q - 190 = -34, -4*t - 4*q = 112. Let x = t + 60. List the prime factors of x.
2, 3, 5
Suppose 30 = a - 46. What are the prime factors of a?
2, 19
Suppose -j + 21 = 5*q + 2, -q = 4*j - 76. List the prime factors of j.
19
Suppose 2*n - 73 = m, 3*n = -0*n - 4*m + 104. What are the prime factors of n?
2, 3
What are the prime factors of 42*(6 + -2 - 3)?
2, 3, 7
Let v(s) = s**3 - 11*s**2 + 13*s + 19. What are the prime factors of v(11)?
2, 3
Let f(m) = -m**2 + 0*m**2 + 5*m + 2*m - 3*m. Let n be f(4). Suppose l = 5, n = -q - 0*q - l + 18. What are the prime factors of q?
13
Let a = 29 + -3. Let f = 96 - a. Suppose -c + 14 = w, 5*w - f = -0*w - c. What are the prime factors of w?
2, 7
Suppose 0*j + 2*j + 46 = 0. Let a = -11 - j. List the prime factors of a.
2, 3
Let g be -9 - ((0 - 1) + 2). Let l be 2/6 + g/(-6). Suppose 28 - 2 = 4*v - 2*k, 4*k = -v + l. List the prime factors of v.
2, 3
Suppose 0 = -5*u + 85 + 30. List the prime factors of u.
23
List the prime factors of 50/15*6/4.
5
Let n(f) = 4*f - 1 - 9 + 4. Suppose 0*i - i + t = 0, -4*i = -3*t - 5. What are the prime factors of n(i)?
2, 7
Let h(t) = -t**3 + 4*t**2 + 5*t + 5. Let u be h(5). Suppose -3*o + u*o = -10. Let f = 9 + o. List the prime factors of f.
2
Suppose z + 0*z = -3*b + 1076, 0 = -z - 4. What are the prime factors of b?
2, 3, 5
Suppose 13 + 47 = 2*g + 4*k, 0 = -k + 5. List the prime factors of ((-22)/(-2))/(10/g).
2, 11
Let d(p) = -